e prime factors of 101772289?
101772289
What are the prime factors of 85855646?
2, 191, 317, 709
What are the prime factors of 1420299659?
26357, 53887
What are the prime factors of 10872612?
2, 3, 79, 3823
What are the prime factors of 4549034500?
2, 5, 43, 211583
List the prime factors of 28425603.
3, 9475201
List the prime factors of 47239072.
2, 1213, 1217
List the prime factors of 1627952781.
3, 7, 13, 43, 138679
What are the prime factors of 1019861944?
2, 569, 224047
What are the prime factors of 354776259?
3, 118258753
What are the prime factors of 1344518535?
3, 5, 41, 2186209
What are the prime factors of 1259822057?
13, 83, 191, 6113
List the prime factors of 6164615.
5, 59, 20897
List the prime factors of 51629432.
2, 6453679
List the prime factors of 2470389947.
43, 3037, 18917
List the prime factors of 1445988484.
2, 83, 709, 6143
What are the prime factors of 101371581?
3, 31, 13457
List the prime factors of 27216113.
19, 1432427
List the prime factors of 35193513.
3, 11731171
List the prime factors of 1487628461.
11, 41, 3298511
List the prime factors of 4257136327.
59, 521, 138493
List the prime factors of 986436362.
2, 1063, 463987
What are the prime factors of 184225968?
2, 3, 251, 1699
What are the prime factors of 40849877?
40849877
List the prime factors of 26834517.
3, 17, 19, 181
List the prime factors of 55838650.
2, 5, 7, 159539
List the prime factors of 1577386389.
3, 525795463
List the prime factors of 5619860.
2, 5, 17, 16529
What are the prime factors of 975140390?
2, 5, 7, 2069, 6733
What are the prime factors of 79915595?
5, 15983119
List the prime factors of 2067139877.
11, 6949, 27043
What are the prime factors of 7711429866?
2, 3, 7, 107, 547, 3137
List the prime factors of 62864078.
2, 2659, 11821
List the prime factors of 1704934609.
7, 743, 327809
What are the prime factors of 27679118?
2, 73, 189583
What are the prime factors of 392582961?
3, 347, 125707
What are the prime factors of 74708106?
2, 3, 11, 37, 30593
What are the prime factors of 768752702?
2, 691, 556261
List the prime factors of 2454126204.
2, 3, 53, 103, 37463
What are the prime factors of 2363203659?
3, 787734553
What are the prime factors of 275739690?
2, 3, 5, 9191323
What are the prime factors of 818365591?
89, 103, 89273
What are the prime factors of 443966533?
463, 547, 1753
List the prime factors of 1380167102.
2, 690083551
List the prime factors of 3050437107.
3, 31, 32800399
List the prime factors of 3945754976.
2, 123304843
List the prime factors of 319326281.
563, 567187
List the prime factors of 10879959.
3, 29, 79, 1583
What are the prime factors of 987184078?
2, 493592039
What are the prime factors of 2905503805?
5, 581100761
List the prime factors of 3532446444.
2, 3, 23, 113, 191, 593
List the prime factors of 672777604.
2, 168194401
What are the prime factors of 140418252?
2, 3, 13, 103, 971
List the prime factors of 270841892.
2, 17, 109, 36541
What are the prime factors of 12455578?
2, 881, 7069
What are the prime factors of 242506953?
3, 13, 25589
What are the prime factors of 44446061?
11, 449, 8999
List the prime factors of 320129316.
2, 3, 13, 684037
List the prime factors of 1329564635.
5, 7, 1187, 32003
List the prime factors of 76528018.
2, 7, 5466287
List the prime factors of 256399511.
256399511
List the prime factors of 47474035.
5, 7, 1356401
What are the prime factors of 179746749?
3, 7, 13, 1493
What are the prime factors of 467173834?
2, 211, 1107047
What are the prime factors of 18674992?
2, 7, 166741
List the prime factors of 83977810.
2, 5, 7, 1199683
What are the prime factors of 39592292?
2, 23, 233, 1847
What are the prime factors of 155045592?
2, 3, 13, 151, 1097
What are the prime factors of 104663809?
104663809
What are the prime factors of 20691354?
2, 3, 1213, 2843
What are the prime factors of 1144311374?
2, 647, 884321
List the prime factors of 2312238574.
2, 1156119287
What are the prime factors of 133528871?
7, 389297
List the prime factors of 631707009.
3, 210569003
What are the prime factors of 22423802?
2, 41, 151, 1811
List the prime factors of 1315354394.
2, 307, 2142271
List the prime factors of 4755670009.
29, 353, 464557
List the prime factors of 243849852.
2, 3, 97, 7759
List the prime factors of 126671339.
67, 1890617
List the prime factors of 258347932.
2, 61, 1058803
List the prime factors of 1033489808.
2, 13, 617, 8053
List the prime factors of 3536069792.
2, 101, 1094081
List the prime factors of 23551930.
2, 5, 739, 3187
What are the prime factors of 1701666769?
11, 154696979
List the prime factors of 172336929.
3, 3541, 16223
What are the prime factors of 74668110?
2, 3, 5, 11, 226267
What are the prime factors of 4061073508?
2, 613, 1656229
What are the prime factors of 3137219844?
2, 3, 11, 157, 151381
What are the prime factors of 422228344?
2, 52778543
What are the prime factors of 2317571490?
2, 3, 5, 13, 163, 36457
List the prime factors of 143310009.
3, 2381, 20063
List the prime factors of 3335313.
3, 1111771
What are the prime factors of 420311278?
2, 167, 1258417
What are the prime factors of 2238925714?
2, 409, 2737073
List the prime factors of 108844827.
3, 7, 13, 56957
What are the prime factors of 33346093?
11, 3031463
List the prime factors of 95732253.
3, 17, 41, 5087
List the prime factors of 6691046440.
2, 5, 13, 1291, 9967
What are the prime factors of 119371580?
2, 5, 1193, 5003
What are the prime factors of 86791867?
19, 29, 67, 2351
What are the prime factors of 6159931841?
7, 19, 1181, 39217
What are the prime factors of 257085764?
2, 13, 17, 290821
List the prime factors of 4199505295.
5, 2309, 363751
What are the prime factors of 104094724?
2, 1361, 19121
What are the prime factors of 389591916?
2, 3, 7, 29, 159931
List the prime factors of 539075588.
2, 134768897
List the prime factors of 546996839.
593, 922423
List the prime factors of 4977816551.
53, 311, 301997
What are the prime factors of 102973617?
3, 11441513
List the prime factors of 43612230.
2, 3, 5, 29, 50129
List the prime factors of 2359177287.
3, 53, 14837593
List the prime factors of 1254076666.
2, 31, 20227043
List the prime factors of 576872949.
3, 4217, 45599
What are the prime factors of 356176580?
2, 5, 127, 140227
List the prime factors of 3267740238.
2, 3, 7, 17, 4576667
List the prime factors of 35402868.
2, 3, 31, 31723
What are the prime factors of 2498278103?
2498278103
What are the prime factors of 112680255?
3, 5, 1423, 5279
What are the prime factors of 60058103?
7, 307, 27947
What are the prime factors of 8259711030?
2, 3, 5, 5087, 18041
List the prime factors of 5808450507.
3, 37253, 51973
List the prime factors of 66401101.
13, 31, 164767
List the prime factors of 548849506.
2, 23, 43, 59, 4703
What are the prime factors of 296377659?
3, 37, 103, 8641
What are the prime factors of 8219403?
3, 173, 5279
What are the prime factors of 48625498?
2, 1613, 15073
What are the prime factors of 3468129269?
11, 4283, 73613
List the prime factors of 81813028.
2, 11, 1859387
What are the prime factors of 697999289?
13, 29, 1851457
What are the prime factors of 1088936506?
2, 7, 1013, 1567
What are the prime factors of 848947080?
2, 3, 5, 2417, 2927
List the prime factors of 304585710.
2, 3, 5, 11, 13, 70999
What are the prime factors of 5879707829?
101, 58214929
What are the prime factors of 2314925679?
3, 11, 53, 1323571
List the prime factors of 29561259.
3, 7, 13, 31, 499
List the prime factors of 852090707.
13, 31, 2114369
List the prime factors of 6612667875.
3, 5, 11, 733
What are the prime factors of 128370189?
3, 2549, 16787
List the prime factors of 442688017.
37, 1777, 6733
List the prime factors of 28834511.
97, 297263
What are the prime factors of 675370682?
2, 7, 1069, 45127
List the prime factors of 950238163.
7, 11443, 11863
What are the prime factors of 209821161?
3, 11, 19, 334643
List the prime factors of 61657498.
2, 7, 4404107
What are the prime factors of 3328345551?
3, 1109448517
What are the prime factors of 1798703626?
2, 103, 8731571
What are the prime factors of 3909516412?
2, 4567, 214009
List the prime factors of 65583487.
463, 141649
List the prime factors of 996555906.
2, 3, 18454739
What are the prime factors of 7250383561?
31847, 227663
List th